6, what is -87e - 13?
-891
In base 10, what is -1 - -76639?
76638
In base 13, what is -9 - 5241?
-524a
In base 15, what is -242 + 540?
2ed
In base 5, what is -4 - -103431144?
103431140
In base 5, what is -40313244 + 10?
-40313234
In base 8, what is 226450 + 2?
226452
In base 8, what is 40 - 7032?
-6772
In base 14, what is -3d425 + -5?
-3d42a
In base 5, what is 4 - 134322220?
-134322211
In base 13, what is 1a - b42?
-b25
In base 16, what is 819bc - -3?
819bf
In base 4, what is -130222 + -213?
-131101
In base 12, what is -14 + -290?
-2a4
In base 12, what is 20b + -283?
-74
In base 5, what is 4 - -21012?
21021
In base 5, what is 40 + 32032?
32122
In base 8, what is 22 + -1263?
-1241
In base 4, what is -213101220 - -2?
-213101212
In base 2, what is -10100101001011 + -1001000?
-10100110010011
In base 3, what is -1012 - -10212220?
10211201
In base 11, what is 6 - 23330?
-23325
In base 4, what is -22311133 - -1?
-22311132
In base 14, what is -4 - d82ab?
-d82b1
In base 2, what is -1 + -100010100001111110101?
-100010100001111110110
In base 16, what is -146bc - -4?
-146b8
In base 8, what is 33172 + 2?
33174
In base 2, what is 111100010000 - -10110000?
111111000000
In base 14, what is 1 - -1d0d35?
1d0d36
In base 4, what is -3001 - 121331?
-130332
In base 7, what is -5 + 5125?
5120
In base 16, what is -3bc - -184?
-238
In base 2, what is -10 + -1010001000?
-1010001010
In base 7, what is 5261 + 320?
5611
In base 11, what is 19 + 22675?
22693
In base 4, what is 1003 + -101102?
-100033
In base 4, what is 1 - 3210133?
-3210132
In base 7, what is -315050 + 1?
-315046
In base 8, what is 6431 - -12?
6443
In base 6, what is -100310 + 1333?
-54533
In base 8, what is -25511 - 163?
-25674
In base 7, what is -3063151 - -3?
-3063145
In base 6, what is 112235105 + 5?
112235114
In base 8, what is 30 + 4050?
4100
In base 11, what is 90 - -395?
475
In base 16, what is 3 - -131a4?
131a7
In base 4, what is 23011323 - -101?
23012030
In base 4, what is -3002122102 - 10?
-3002122112
In base 12, what is -168 - -2726?
257a
In base 4, what is -2 + -2200?
-2202
In base 9, what is -80 + -122552?
-122642
In base 10, what is 4848 - -16?
4864
In base 14, what is 1a + 1ba?
1d6
In base 12, what is -1104 - 68?
-1170
In base 11, what is -5 - 95838?
-95842
In base 3, what is -1201 + 1120222?
1112021
In base 3, what is 121 - -1210121?
1211012
In base 12, what is -4 + -125832?
-125836
In base 3, what is -1020100 + 20001?
-1000022
In base 3, what is 11 - 1001212001?
-1001211220
In base 11, what is 104 + -2502?
-23a9
In base 7, what is 45036 + 531?
45600
In base 3, what is 10 + 1010002112100?
1010002112110
In base 5, what is -12 - -4404201?
4404134
In base 4, what is 11 - 131131?
-131120
In base 2, what is -101 + 10100011101?
10100011000
In base 9, what is -2664 - 16?
-2681
In base 13, what is -2c + 11346?
11317
In base 8, what is -77 - 25155?
-25254
In base 9, what is 576 + -32?
544
In base 5, what is 0 - 22223334?
-22223334
In base 9, what is 1 - 187630?
-187628
In base 8, what is -25555 - 15?
-25572
In base 14, what is 674d + 4?
6753
In base 3, what is -10210102 + -221?
-10211100
In base 5, what is -3 - -120323?
120320
In base 11, what is -18 + 3825?
3808
In base 10, what is -8 - 147?
-155
In base 8, what is -4 - 25032?
-25036
In base 15, what is 26 + -ca9?
-c83
In base 2, what is 1110101100100010 + 0?
1110101100100010
In base 5, what is 10422323 + -4?
10422314
In base 8, what is 22 + -4554?
-4532
In base 4, what is 32020010 - -10?
32020020
In base 13, what is bc + -a59?
-96a
In base 5, what is 143421 - -122?
144043
In base 9, what is -104 - -65?
-28
In base 4, what is 1 - -11213201?
11213202
In base 13, what is 31848 + -4?
31844
In base 15, what is 14 + -249d?
-2489
In base 12, what is 9 - 19b659?
-19b650
In base 9, what is -11 - -13407?
13386
In base 7, what is -4 + 34321?
34314
In base 16, what is -7a + 9?
-71
In base 16, what is 3 + 282?
285
In base 8, what is -427 - 3215?
-3644
In base 5, what is -313120 + 20?
-313100
In base 16, what is -ce - -216?
148
In base 12, what is -80b + -2067?
-2876
In base 16, what is -b56da + 2?
-b56d8
In base 9, what is 13302 - 0?
13302
In base 13, what is 8723 + -102?
8621
In base 3, what is -100022 - -1100012?
222220
In base 2, what is -11010111000001101 - -1?
-11010111000001100
In base 8, what is 0 + 2150750?
2150750
In base 11, what is -1890445 - 2?
-1890447
In base 5, what is 4 + -23300302?
-23300243
In base 13, what is -7 - 5a338?
-5a342
In base 6, what is -342 - -1112?
330
In base 4, what is -1231230 - -1?
-1231223
In base 13, what is 1 + 347?
348
In base 10, what is 2 + 66587?
66589
In base 15, what is d + -346?
-338
In base 8, what is 51 - -1207?
1260
In base 6, what is -2224 + -351?
-3015
In base 10, what is -50914 - -13?
-50901
In base 7, what is -4 + 210405?
210401
In base 2, what is -1110001000110 + 110?
-1110001000000
In base 5, what is 23 - -1443034?
1443112
In base 7, what is -436233 + 4?
-436226
In base 8, what is -524 + 1510?
764
In base 12, what is -2 + -5b92?
-5b94
In base 2, what is 111 - -10110110010110?
10110110011101
In base 2, what is 1100000001011 + -110?
1100000000101
In base 5, what is 0 + 13340013?
13340013
In base 6, what is -121 - -2042422?
2042301
In base 3, what is 20020 - 12120?
200
In base 3, what is 21 - -101221100?
101221121
In base 14, what is 8 - -4b74?
4b7c
In base 15, what is -7 + 1458?
1451
In base 12, what is -120841 + 2?
-12083b
In base 7, what is 4 - -2322?
2326
In base 6, what is 0 + 4350455?
4350455
In base 7, what is 41650 + 1?
41651
In base 14, what is -2 + -71?
-73
In base 16, what is -1061d - 5?
-10622
In base 6, what is 5 + 3452424?
3452433
In base 4, what is 1 - -101311?
101312
In base 9, what is -3062 + -45?
-3117
In base 5, what is -4321113 + 0?
-4321113
In base 4, what is -1133113 + 0?
-1133113
In base 4, what is -323200 - 21?
-323221
In base 3, what is -10110112121 - -12?
-10110112102
In base 7, what is 6121 + -2?
6116
In base 6, what is 21110 + 504?
22014
In base 15, what is 1b1 + -135?
7b
In base 14, what is 324 + 13?
337
In base 5, what is 1210041 + 23?
1210114
In base 7, what is -102556 - 11?
-102600
In base 3, what is 21 - 121110122?
-121110101
In base 6, what is 2122553 - -4?
2123001
In base 5, what is -3302 - 1130?
-4432
In base 9, what is -106 - 10705?
-10812
In base 8, what is -2 + 633377?
633375
In base 12, what is 2 + 76b8?
76ba
In base 4, what is 10201210 - -130?
10202000
In base 14, what is -5 + 1b7b?
1b76
In base 5, what is -12024 + 3204?
-3320
In base 14, what is -4 + -46391?
-46395
In base 14, what is a28 + 84?
aac
In base 15, what is 1aa5 + -5?
1aa0
In base 10, what is 2 - 64370?
-64368
In base 3, what is 11110 + 211202011?
211220121
In base 13, what is 411373 - -3?
411376
In base 4, what is 10 - 21200102?
-21200032
In base 11, what is a6 - 1a4?
-a9
In base 3, what is -12 - 111112202100?
-111112202112
In base 8, what is -16 - -4317?
4301
In base 11, what is -4a3386 + -1?
-4a3387
In base 12, what is -3a1b9 - -1?
-3a1b8
In base 4, what is 0 + -121123?
-121123
In base 6, what is 151 + 114052?
114243
In base 15, what is -4 + -5a320?
-5a324
In base 11, what is 92523 - -3?
92526
In base 5, what is -2 - -2133421?
2133414
In base 15, what is -1 + -11cee?
-11d00
In base 7, what is 3023 - -112?
3135
In base 15, what is 4034 + -5?
402e
In base 2, what is 11 - 11000011010?
-11000010111
In base 7, what is -4 - -211346?
211342
In base 11, what is -1014 + 3aaa?
2a96
In base 3, what is -2101201 - -1101221?
-222210
In base 13, what is 3 - 11992?
-1198c
In base 14, what is 60 + -2d?
31
In base 4, what is -1 + -133010222?
-133010223
In base 10, what is 377 - 1539?
-1162
In base 4, what is 23221 - -1110?
30331
In base 5, what is 12 - -4112214?
4112231
In base 7, what is -5 + 35335?
35330
In base 5, what is -12031 - -23210?
11124
In base 4, what is 10 + 21201?
21211
In base 13, what is 0 + -297016?
-297016
In base 12, what is -413 - -5b?
-374
In base 6, what is 331450 + 105?
331555
In base 12, what is 21 + -262?
-241
In base 13, what is 280ba + -2?
280b8
In base 4, what is -22 + -1102213?
-1102301
In base 11, what is -251 - -2554?
2303
In base 15, what is 0 - b173?
-b173
In base 2, what is -11 - 10001110000000100101?
-10001110000000101000
In base 16, what is -4fb + -174d?
-1c48
In base 8, what is -3